{"id":90,"date":"2011-06-16T22:31:00","date_gmt":"2011-06-16T21:31:00","guid":{"rendered":"http:\/\/mommas.vildavastra.se\/mentaltraining\/?page_id=90"},"modified":"2012-03-06T23:28:56","modified_gmt":"2012-03-06T22:28:56","slug":"forelasning","status":"publish","type":"page","link":"http:\/\/mommas.vildavastra.se\/mentaltraining\/?page_id=90","title":{"rendered":"F\u00f6rel\u00e4sning"},"content":{"rendered":"<p>Lyssna till min f\u00f6rel\u00e4sning\u00a0 med insikten:<br \/>\nKunde hon, s\u00e5 kan v\u00e4l jag.<\/p>\n<div id=\"attachment_93\" style=\"width: 330px\" class=\"wp-caption alignnone\"><img loading=\"lazy\" decoding=\"async\" aria-describedby=\"caption-attachment-93\" class=\"size-full wp-image-93     \" title=\"Lars-Eric Unest\u00e5hl och Annagreta\" src=\"http:\/\/mommas.vildavastra.se\/mentaltraining\/wp-content\/uploads\/2011\/06\/snapshot1.jpg\" alt=\"Lars-Eric Unest\u00e5hl och Annagreta\" width=\"320\" height=\"240\" \/><p id=\"caption-attachment-93\" class=\"wp-caption-text\">Lars-Eric Unest\u00e5hl och Annagreta<\/p><\/div>\n<div class=\"mceTemp\">\n<p>Fyra\u00a0 komih\u00e5g:<\/p>\n<p>* Det finns inga misslyckanden<br \/>\n* Det finns bara erfarenheter som l\u00e4r mig n\u00e5got varje dag<br \/>\n* Det finns st\u00e4ndigt nya m\u00e5l att sikta mot.<br \/>\n* Jag ska lyckas och jag njuter av v\u00e4gen dit.<\/p>\n<p>Med v\u00e4rme Annagreta<\/p>\n<p><strong>F\u00f6rel\u00e4sning del 1<\/strong><\/p>\n<p><iframe loading=\"lazy\" src=\"http:\/\/www.youtube.com\/embed\/IxtXBq6Dlac\" frameborder=\"0\" width=\"420\" height=\"315\"><\/iframe><\/p>\n<p>&nbsp;<\/p>\n<p>&nbsp;<\/p>\n<p><strong>F\u00f6rel\u00e4sning del 2<\/strong><\/p>\n<p><iframe loading=\"lazy\" src=\"http:\/\/www.youtube.com\/embed\/bmo9zdQDAq8\" frameborder=\"0\" width=\"420\" height=\"315\"><\/iframe><\/p>\n<\/div>\n","protected":false},"excerpt":{"rendered":"<p>Lyssna till min f\u00f6rel\u00e4sning\u00a0 med insikten: Kunde hon, s\u00e5 kan v\u00e4l jag. Fyra\u00a0 komih\u00e5g: * Det finns inga misslyckanden * Det finns bara erfarenheter som l\u00e4r mig n\u00e5got varje dag * Det finns st\u00e4ndigt nya m\u00e5l att sikta mot. * Jag ska lyckas och jag njuter av v\u00e4gen dit. Med v\u00e4rme Annagreta F\u00f6rel\u00e4sning del 1 [&hellip;]<\/p>\n","protected":false},"author":1,"featured_media":0,"parent":0,"menu_order":6,"comment_status":"open","ping_status":"closed","template":"","meta":{"footnotes":""},"class_list":["post-90","page","type-page","status-publish","hentry"],"_links":{"self":[{"href":"http:\/\/mommas.vildavastra.se\/mentaltraining\/index.php?rest_route=\/wp\/v2\/pages\/90","targetHints":{"allow":["GET"]}}],"collection":[{"href":"http:\/\/mommas.vildavastra.se\/mentaltraining\/index.php?rest_route=\/wp\/v2\/pages"}],"about":[{"href":"http:\/\/mommas.vildavastra.se\/mentaltraining\/index.php?rest_route=\/wp\/v2\/types\/page"}],"author":[{"embeddable":true,"href":"http:\/\/mommas.vildavastra.se\/mentaltraining\/index.php?rest_route=\/wp\/v2\/users\/1"}],"replies":[{"embeddable":true,"href":"http:\/\/mommas.vildavastra.se\/mentaltraining\/index.php?rest_route=%2Fwp%2Fv2%2Fcomments&post=90"}],"version-history":[{"count":15,"href":"http:\/\/mommas.vildavastra.se\/mentaltraining\/index.php?rest_route=\/wp\/v2\/pages\/90\/revisions"}],"predecessor-version":[{"id":96,"href":"http:\/\/mommas.vildavastra.se\/mentaltraining\/index.php?rest_route=\/wp\/v2\/pages\/90\/revisions\/96"}],"wp:attachment":[{"href":"http:\/\/mommas.vildavastra.se\/mentaltraining\/index.php?rest_route=%2Fwp%2Fv2%2Fmedia&parent=90"}],"curies":[{"name":"wp","href":"https:\/\/api.w.org\/{rel}","templated":true}]}}